 (2 - 1).
-4
What is the value of (5 - 8 - -4) + 4?
5
Evaluate 1 - (1 - -4) - -1.
-3
-10 - (2 + 4 + -8) - -2
-6
Evaluate (11 - (-5 - (-2 - 2))) + -4.
8
9 + 4 + -13 + (-1 - -5)
4
Evaluate -14 + -12 + 30 + -1.
3
What is the value of 0 + 1 + -2 + 5?
4
Evaluate 7 + -1 - (2 + 0).
4
5 + (-2 - 0) + -24 + 23
2
What is the value of (0 - 2) + (-12 - -8) + 7?
1
What is 3 + (4 - 2) + 0?
5
-3 + 6 - (1 - 3)
5
Evaluate -7 - -4 - (-6 - 2).
5
Evaluate (0 - -6) + -47 + 40.
-1
Calculate -2 + 3 + -8 + 5.
-2
Calculate 3 + -1 + -5 - 2.
-5
What is the value of (-11 - -3) + 48 + -38?
2
Evaluate (-4 + 5 - -7) + -12.
-4
Evaluate 1 - ((-1 - 1) + 6) - 4.
-7
What is (-1 - (0 - 2)) + 86 + -88?
-1
Calculate 8 + -8 + 5 + 0.
5
What is the value of 7 + (-7 - (-1 + -4))?
5
Evaluate 12 - 2 - (10 - -3).
-3
Calculate 28 + -6 + -1 + -12.
9
What is the value of 4 + 0 - (-1 + 2)?
3
(0 - -2) + -5 + 9
6
1 - 10 - -2 - -2
-5
Calculate -11 - -15 - (3 - -4).
-3
What is the value of 6 - (-2 - -1) - 5 - -5?
7
Evaluate -2 - -4 - (11 - 8).
-1
What is 5 + (-3 - ((-4 - -6) + -1))?
1
Evaluate 1 + (8 - 0) + -2 + -1.
6
Evaluate -17 + 10 + -4 - -16.
5
Evaluate 3 + 1 + -1 + -8.
-5
What is 12 + (-12 - -4 - -7 - 1)?
10
What is the value of 13 + -9 - (0 + 2)?
2
Evaluate 7 + 2 + (6 - 9).
6
(10 - -1) + (-15 - -1 - -11)
8
Calculate 5 + (0 + 1 - (-13 + 16)).
3
11 + -9 + (3 - 0)
5
Calculate 4 + -10 - -9 - -1.
4
Calculate -7 + (-8 - -9) + 17 - 6.
5
Calculate -35 + 39 - (0 + -1) - 1.
4
(10 - 3) + (10 - 6 - 3)
8
Evaluate -1 - -3 - ((10 - 15) + 5).
2
Calculate 4 - (4 + 1 + (0 - 5)).
4
5 + -3 - 2 - -3
3
What is the value of -2 + (-6 - -16) + -10?
-2
What is 0 - 2 - (2 + -1 + 0)?
-3
Evaluate -6 + -5 + 6 - 0.
-5
0 + 3 + -5 + 7
5
30 - 26 - (6 + -2)
0
Evaluate -3 + 7 + -5 - -2 - -2.
3
Evaluate -13 + 5 - -11 - (-2 - -6).
-1
-2 - (-1 - -11) - -4
-8
(0 - 0) + (-4 - -5) - -2
3
What is the value of -1 + 3 - (0 - (-3 - 1))?
-2
Evaluate 1 - ((-6 - -3) + -2).
6
-3 + 3 - (-6 - (-4 - -3))
5
Calculate -5 + 1 + -3 - -7.
0
Evaluate -2 - 2 - (-5 - -2 - 6).
5
What is -2 - (2 - (8 - 3))?
1
What is 33 - 42 - (-4 - (2 - 2))?
-5
Evaluate -5 + -9 - -16 - 1.
1
What is 11 - 8 - ((-2 - -2) + 2)?
1
-6 + 10 - (4 - (1 + 2))
3
Calculate -4 + (11 - 0) - (1 - -3).
3
Calculate -5 - ((-1 + 3 - 4) + -7).
4
0 + (-36 - -13 - -13)
-10
What is 1 + (6 - (4 - 0))?
3
9 - (8 + -4 - 0)
5
Calculate 1 - -1 - (7 + -4 + 1).
-2
What is 2 - (1 - 2) - 3?
0
Calculate (-9 + 14 - (1 - 4)) + -5.
3
Evaluate -7 + (3 + -2 - -4).
-2
What is the value of -2 - 2 - (-3 - -2)?
-3
Evaluate -1 + (1 - 1) + 2 + -2.
-1
What is 17 + -6 + 6 - 10?
7
Evaluate -6 + 0 + (84 - 85).
-7
Calculate 1 + (1 - 5) - -7.
4
Evaluate 2 + 0 - (3 + 1 - 0).
-2
What is the value of -11 - (-8 + 1) - -2?
-2
Calculate -5 - -3 - 0 - (-8 + 2).
4
Evaluate 14 - (20 + -19 + (4 - -1)).
8
7 - (-10 + 5 - (-2 - 14))
-4
Calculate -1 - ((-5 - -15) + -6) - -7.
2
What is the value of (0 + 22 - 12) + 0?
10
What is the value of 7 - (7 + (-2 - 2) + -4)?
8
Calculate -9 + 12 + (-6 - -2).
-1
-4 + (-1 - -2) - (2 - -2)
-7
What is (7 - 2) + -2 + 1?
4
Evaluate (-2 + 2 - (-2 - -6)) + -1.
-5
Calculate 7 - -1 - (17 + -5).
-4
What is the value of -2 - (-8 - -2) - 1?
3
Evaluate 11 + -4 + (1 - 1) + -2.
5
What is the value of -19 - -24 - (-3 + 4 + -3)?
7
Evaluate -9 + 9 + (3 - 0).
3
Evaluate (-4 - -4) + -1 + -3.
-4
What is 4 + -4 + -1 + -4 - -6?
1
Evaluate 5 + 5 + -7 - 1.
2
Evaluate (2 - -1) + 8 + -10.
1
Calculate -4 + -2 + (0 - -5) - -1.
0
What is 0 - (-2 - -4 - 0)?
-2
What is 7 + (-11 - -6) + -1?
1
What is (1 - -1) + -2 + 3?
3
25 + -19 - (6 - 0)
0
What is -1 + 1 + -1 - (-26 - -23)?
2
What is the value of -2 - ((-6 - -3) + 4) - 1?
-4
Calculate 5 - (12 + -7) - 3 - 4.
-7
Calculate -10 + 15 + -7 - -7.
5
Calculate 2 + 0 - 1 - (154 - 158).
5
What is the value of (11 - (1 + 4 + 1)) + 1?
6
Calculate 0 + (5 + -5 - -1 - -3).
4
What is the value of 1 - (6 + -9 + 1 + -1)?
4
Evaluate -3 + (6 - 13) + 3 + 10.
3
Calculate (-26 + 19 - (-3 - 1)) + -6.
-9
Calculate 0 + -8 + 4 - (2 + -6).
0
What is 2 - (-8 - (-5 + -1 + 4))?
8
Evaluate 3 + (-2 - 5) + -1.
-5
Calculate -11 + 11 + (-4 - 0).
-4
What is -1 - (4 - (5 - (-2 - -5)))?
-3
Evaluate (-2 - 1) + -6 + 14.
5
What is 0 + 1 - (4 - 4) - 3?
-2
Evaluate -5 - (16 + -7) - (-5 - 1).
-8
-5 + (5 - -8 - (8 + -3))
3
-1 + -8 - (4 - 10)
-3
What is 5 - (-5 + 4 + 14 + -4)?
-4
Evaluate (2 - (7 - 6)) + 1 + 3.
5
0 - (-5 + -1) - 1
5
What is the value of (3 - (-6 - -2)) + (1 - 2)?
6
What is the value of -6 + (0 - -12) - 9?
-3
What is the value of 44 + -39 - (0 + 0)?
5
What is (3 - 3 - -5) + -3 + -9?
-7
What is the value of 0 + (4 - -8) - 5?
7
What is the value of -3 + 7 + (1 - 3)?
2
6 + -3 + -2 + -4
-3
What is the value of (-3 - 3) + (1 - 0)?
-5
What is the value of 3 + (2 - (4 + 1))?
0
What is the value of -4 + 3 + 0 + (0 - 1)?
-2
0 + -1 + 4 - 6
-3
What is the value of 0 + 1 - (3 + -7)?
5
What is the value of 2 + -1 - 1 - -2?
2
(7 - (-6 - (-10 + 4))) + -6
1
Calculate 7 + 4 + -5 + -8.
-2
What is (1 - (-2 + 6)) + -7 + 11?
1
Calculate -2 - (5 - -2) - -6.
-3
-3 - (-2 + -4 - -2)
1
What is the value of -4 - (-17 - (-6 - -7 - 7))?
7
Calculate -14 + 4 + -4 + 8.
-6
Calculate (-3 - -5) + (-2 - 3).
-3
What is 0 + (4 - 3) + (2 - 0)?
3
What is the value of (-4 - (-9 - -4)) + -5?
-4
What is the value of 0 + 3 + 4 - 0?
7
(5 - 8) + 1 + 6 + -3
1
What is (-2 - 4 - -6) + 12 + -5?
7
What is 26 - 22 - (4 - (-3 - -7))?
4
Calculate (0 - -4) + -4 + 1.
1
What is (3 - 0) + -10 + 11?
4
What is -1 + (-5 - -2) + 5?
1
What is the value of 5 - 5 - (0 + 0) - 2?
-2
Evaluate -1 - (0 + 5 + -14).
8
What is the value of -5 - (4 - (6 - -7))?
4
3 - (3 - -1) - (-1 - 0)
0
Evaluate 5 + -1 - 0 - -1.
5
What is -9 + (0 - -1 - (10 + -13))?
-5
What is -2 + (-2 - (2 - 5)) + -4?
-5
What is 1 + 0 + 1 + -2?
0
3 + (11 - -2) + -13
3
1 - 9 - 2 - -4
-6
What is 0 + (-7 + 3 - (-3 - -1))?
-2
Evaluate 4 + 1 - (-21 + 27).
-1
Calculate -2 + (2 + -5 - (4 - 9)).
0
Evaluate (-2 - -1) + 11 + -5.
5
What is -12 - -6 - (-2 - 0)?
-4
Evaluate -9 + 8 - (10 - 6 - -2).
-7
What is the value of (3 - 14) + 15 + (0 - 14)?
-10
-4 - (2 + (-6 - -4))
-4
What is the value of 9 - (8 + -6 + 5)?
2
1 + (8 - (4 + 5))
0
-1 - 3 - (-12 + 8 + -4)
4
Calculate (-2 + 4 - 2 - 3) + 7.
4
Calculate 11 - (2 + 0) - 11.
-2
Evaluate 3 - 0 - (13 - 12).
2
What is the value of 5 - (3 + -5 + 0 - -2)?
5
What is 4 + (-4 - (-4 + 8))?
-4
-2 - -2 - (0 - -5)
-5
Calculate 6 - (5 - (-9 - -7)).
-1
What is the value of -2 + 4 + (4 - 11)?
-5
What is the value of (1 - 0) + (-51 - -57)?
7
Evaluate -8 - (7 + 0 + -14).
-1
What is 7 + (0 - 7) + 2?
2
Evaluate 11 + -6 + 2 + -11.
-4
What is (13 - 2) + -9 + -5?
-3
What is -6 + 2 + 1 + 1 - 3?
-5
Evaluate (-2 - -1) + 9 - (-1 + 7).
2
Evaluate 2 + 3 + (-6 - 2).
-3
What is 2 - (-5 + (5 - -7))?
-5
What is 1 + 3 + (-9 - -7) + -2?
0
What is the value of (1 + -3 - (-5 - -5)) + 4?
2
Evaluate (-6 - -8) + -8 - -16.
10
What is the value of (-3 - -4) + (0 - -2)?
3
Calculate 1 - ((12 - 4) + -6 - -3).
-4
What is 10 + -20 - (1 + -3 - 0)?
-8
What is the value of 1 - 10 - (7 + -13)?
-3
What is (-1 - (5 - 6)) + -5?
-5
-2 + (-1 - (-9 + 4 + 2))
0
What is -2 + -4 + 3 + 6 + 2?
5
What is the value of -3 + 3 - (-3 - 2)?
5
-4 + 7 + (1 + -3 - 2)
-1
((-3 - 0) + -4 - -1) + 3
-3
-7 - (6 - 2 - 4)
-7
-9 + (3 - 9) + 20 + -9
-4
Calculate -6 - (-6 - -4 - 0).
-4
-2 + 15 + (-1 - (-6 + 12))
6
-1 - (-5 + 0 + -3)
7
Calculate 7 - (-7 - -6 - -5).
3
-6 - 0 - (-18 - 2 - -11)
3
What is the value of -13 - (-4 + -13 + 2)?
2
Calculate 1 + -3 + 5 + 2 + 0.
5
Calculate 8 + -4 + 6 + -6.
4
Calculate (-4 - -3) + (6 + -1 - 2).
2
-5 - (5 + 1 + -7 + 1)
-5
What is the value of (0 - 0) + 0 + -32 + 33?
1
Calculate 1 + 3 - (-5 - -4) - 2.
3
-5 - ((-5 - -11) + -9)
-2
Calculate (-4 - -5 - -3 - 6) + 3.
1
What is -6 - (-4 + 3 + -3)?
-2
Evaluate -4 - (3 + 2) - -7.
-2
Calculate -2 + 5 + 2 - 1.
4
Evaluate (20 - 22) + (-3 - -1) + -1.
-5
Evaluate (3 - 8) + 3 - (-12 + 16).
-6
What is -1 - (3 - (0 + 1 - -7))?
4
What is -5 + 7 - 4 - (1 - 11)?
8
Calculate -12 + -9 + 26 + -14.
-9
What is (26 - 20) + -3 + -1?
2
Evaluate 1 + (6 - (0 + 3)).
4
Evaluate 14 + 1 + 0 + -3 + -6.
6
What is -2 - (-3 - (-6 - (-1 - 2)))?
-2
Evaluate 4 + (3 - (-1 - 5 - -12)).
1
(3 - 1) + (-6 - (1 + -5))
0
Evaluate 3 - (5 - (-5 - -9)).
2
Evaluate -5 - (-4 - -3) - (3 - 2).
-5
3 + 0 + (0 + -1 - -3)
